{"id":2331,"date":"2014-03-26T20:03:03","date_gmt":"2014-03-26T20:03:03","guid":{"rendered":"https:\/\/sandbox.revolvedmedia.com\/amberspa.ca\/product\/eau-de-soleil\/"},"modified":"2023-06-19T15:29:47","modified_gmt":"2023-06-19T19:29:47","slug":"eau-de-soleil","status":"publish","type":"product","link":"https:\/\/sandbox.revolvedmedia.com\/suncocktail.com\/product\/eau-de-soleil\/","title":{"rendered":"Eau de Soleil- Oligo Peptides and Coffee Extracts"},"content":{"rendered":"[\/vc_column_text][\/vc_column][vc_column width=&#8221;1\/2&#8243;][vc_column_text]\n<p>Cette nouvelle formule a \u00e9t\u00e9 cr\u00e9\u00e9 afin d&#8217;apporter l&#8217;industrie \u00e0 un tout nouveau niveau dans le sens a \u00e0 offrir non seulement une couleur temporaire tel qu\u2019un spray tan mais combin\u00e9 avec des ingr\u00e9dients donc b\u00e9n\u00e9ficieront la peau. Cette nouvelle formule, avec la nouvelle technologie Bio disponible gr\u00e2ce a l\u2019ingr\u00e9dient principale de Matrixyl 3000.En plus nous avons ajouter l &#8216;extraits de caf\u00e9s pour tonifier les tissus adipeux.<\/p>\n[\/vc_column_text][\/vc_column][\/vc_row][vc_row][vc_column width=&#8221;1\/4&#8243;][vc_column_text]\n<p>Les peptides de cuivre, (Palmitoyl Oligopeptide-Palmitoyl Tetrpeptide-3)\u00a0 combat les rides et apporte une hydration au niveau de la couche trans dermal, dans son \u00e9tat pure.\u00a0 Dans une \u00e9tude effectu\u00e9e par la soci\u00e9t\u00e9 de Dermatologiste, 300 b\u00e9n\u00e9voles ont eu des resultats de 13 % de diminution de rugosit\u00e9.<\/p>\n[\/vc_column_text][\/vc_column][vc_column width=&#8221;3\/4&#8243;][vc_column_text]\n<h3>Comment cela fonctionne?<\/h3>\n<p>Scientifiquement parlant, les peptides contiennes des matrikines agissant en synergie pour r\u00e9parer les dommages cutan\u00e9s de l&#8217;\u00e2ge. Matrikines sont en fait des messagers des tissues cutan\u00e9es.\u00a0 Ils activent le neosynthesis de matrice extracellulaire macromol\u00e9cules et sont capables de r\u00e9glementer l&#8217; activit\u00e9s des celules en interagissant leurs r\u00e9cepteurs sp\u00e9cifiques.<\/p>\n<p>Perfus\u00e9 avec extrait de caf\u00e9 qui fonctionne sur les tissues cutan\u00e9es pour restructurer les peaux s\u00e8ches et aide a tonifier les peaux . Les peptides de cuivre, sont des antioxydants, qui contient d&#8217;avantages les vitamines A, C &amp; E. et de L&#8217; Aloe Vera. Cette formule est compos\u00e9e essentiellement des ingredients naturelles.<\/p>\n<p>Cette formula peut aussi etre incorporer avec les traitements corporelles, pour augmenter un revenue suppl\u00e9mentaire a vos services de spray tan.<\/p>\n[\/vc_column_text][\/vc_column][\/vc_row]\n","protected":false},"excerpt":{"rendered":"<h4><strong>Eau de Soleil, our #1 International Best seller.<\/strong> This formula was created to bring sunless to a whole new level by pairing the latest in anti aging ingredients and in the fight against wrinkles and sun damage. For added benefits, we added green coffee extracts for toning which targets the unsightly &#8220;dimples&#8221; often seen on thighs and buttocks.<\/h4>\n<p><strong>The benefits of Matrixyl 3000 peptide formula <\/strong><\/p>\n<ul>\n<li>Fight against the signs of aging when included in a quality anti-wrinkle cream. Matrixyl<\/li>\n<li>Stimulates the lower levels of the skin, where fibroblasts reside. These fibroblasts are stimulated by Matrixyl to produce more collagen. Collagen is an essential substance for preserving the youthful appearance and texture of the skin.<\/li>\n<li>Collagen is responsible for the elasticity of the skin, which begins to decrease as we age.<\/li>\n<li>Matrixyl encourages the healing of the skin which decreases the appearance of the fine lines and wrinkles seen around the <a href=\"https:\/\/www.bestantiaging.org\/creams\/eye-wrinkles.html\">eyes<\/a>, forehead and mouth.<\/li>\n<\/ul>\n<p><strong>Benefits of Green Coffee Extract <\/strong><\/p>\n<ul>\n<li>Treating redness and inflammation.<\/li>\n<li>Reducing the appearance of under-eye circles, to getting rid of cellulite. By incorporating caffeine into your skin care routine, you can reveal evenly toned, smooth skin all over your body. Incorporate a coffee scrub in your daily routine for a smooth toned skin. (See courses to learn how to make this miracle coffee scrub)<\/li>\n<li>Caffeine has potent anti-inflammatory properties<\/li>\n<li>Caffeine can also reduce the appearance of cellulite<\/li>\n<\/ul>\n<p>Cette formule a \u00e9t\u00e9 cr\u00e9\u00e9e afin d&#8217;offrir des traitements de spray tan ainsi d&#8217;incorporez avec les traitements anti cellulites. Le Matrixyl 3000 a un droit de propri\u00e9t\u00e9 sp\u00e9cial qui active certains g\u00e8nes impliqu\u00e9s dans les processus de r\u00e9g\u00e9n\u00e9ration cutan\u00e9e et de prolif\u00e9ration cellulaire ajout\u00e9 \u00e0 ce super formule que nous avons ajout\u00e9e des extraits de cafes.<\/p>\n","protected":false},"featured_media":3123,"comment_status":"closed","ping_status":"closed","template":"","meta":[],"product_cat":[33,34],"product_tag":[35,36,37,38,39,40,41,42,43,44],"class_list":{"0":"post-2331","1":"product","2":"type-product","3":"status-publish","4":"has-post-thumbnail","6":"product_cat-sunless-tanning","7":"product_cat-sunless-tanning-solutions","8":"product_tag-antiaging","9":"product_tag-brighten","10":"product_tag-coffee-extracts","11":"product_tag-formula","12":"product_tag-moisturize","13":"product_tag-oligo-peptides","14":"product_tag-organic-spray-tanning","15":"product_tag-slimming","16":"product_tag-toning","17":"product_tag-youthful","18":"product_shipping_class-ground","19":"pa_size-240ml","20":"pa_size-gallon","21":"pa_size-litre"},"yoast_head":"<!-- This site is optimized with the Yoast SEO plugin v27.5 - https:\/\/yoast.com\/product\/yoast-seo-wordpress\/ -->\n<title>Eau de Soleil- Oligo Peptides and Coffee Extracts - Sun Cocktail<\/title>\n<meta name=\"robots\" content=\"index, follow, max-snippet:-1, max-image-preview:large, max-video-preview:-1\" \/>\n<link rel=\"canonical\" href=\"https:\/\/sandbox.revolvedmedia.com\/suncocktail.com\/product\/eau-de-soleil\/\" \/>\n<meta property=\"og:locale\" content=\"en_US\" \/>\n<meta property=\"og:type\" content=\"article\" \/>\n<meta property=\"og:title\" content=\"Eau de Soleil- Oligo Peptides and Coffee Extracts - Sun Cocktail\" \/>\n<meta property=\"og:description\" content=\"Eau de Soleil, our #1 International Best seller. This formula was created to bring sunless to a whole new level by pairing the latest in anti aging ingredients and in the fight against wrinkles and sun damage. For added benefits, we added green coffee extracts for toning which targets the unsightly &quot;dimples&quot; often seen on thighs and buttocks. The benefits of Matrixyl 3000 peptide formula    Fight against the signs of aging when included in a quality anti-wrinkle cream. Matrixyl  Stimulates the lower levels of the skin, where fibroblasts reside. These fibroblasts are stimulated by Matrixyl to produce more collagen. Collagen is an essential substance for preserving the youthful appearance and texture of the skin.  Collagen is responsible for the elasticity of the skin, which begins to decrease as we age.  Matrixyl encourages the healing of the skin which decreases the appearance of the fine lines and wrinkles seen around the eyes, forehead and mouth.  Benefits of Green Coffee Extract    Treating redness and inflammation.  Reducing the appearance of under-eye circles, to getting rid of cellulite. By incorporating caffeine into your skin care routine, you can reveal evenly toned, smooth skin all over your body. Incorporate a coffee scrub in your daily routine for a smooth toned skin. (See courses to learn how to make this miracle coffee scrub)  Caffeine has potent anti-inflammatory properties  Caffeine can also reduce the appearance of cellulite  Cette formule a \u00e9t\u00e9 cr\u00e9\u00e9e afin d&#039;offrir des traitements de spray tan ainsi d&#039;incorporez avec les traitements anti cellulites. Le Matrixyl 3000 a un droit de propri\u00e9t\u00e9 sp\u00e9cial qui active certains g\u00e8nes impliqu\u00e9s dans les processus de r\u00e9g\u00e9n\u00e9ration cutan\u00e9e et de prolif\u00e9ration cellulaire ajout\u00e9 \u00e0 ce super formule que nous avons ajout\u00e9e des extraits de cafes.\" \/>\n<meta property=\"og:url\" content=\"https:\/\/sandbox.revolvedmedia.com\/suncocktail.com\/product\/eau-de-soleil\/\" \/>\n<meta property=\"og:site_name\" content=\"Sun Cocktail\" \/>\n<meta property=\"article:modified_time\" content=\"2023-06-19T19:29:47+00:00\" \/>\n<meta property=\"og:image\" content=\"https:\/\/sandbox.revolvedmedia.com\/suncocktail.com\/wp-content\/uploads\/2014\/03\/Eau-de-Soleil.png\" \/>\n\t<meta property=\"og:image:width\" content=\"600\" \/>\n\t<meta property=\"og:image:height\" content=\"1484\" \/>\n\t<meta property=\"og:image:type\" content=\"image\/png\" \/>\n<meta name=\"twitter:card\" content=\"summary_large_image\" \/>\n<meta name=\"twitter:label1\" content=\"Est. reading time\" \/>\n\t<meta name=\"twitter:data1\" content=\"2 minutes\" \/>\n<script type=\"application\/ld+json\" class=\"yoast-schema-graph\">{\"@context\":\"https:\\\/\\\/schema.org\",\"@graph\":[{\"@type\":\"WebPage\",\"@id\":\"https:\\\/\\\/sandbox.revolvedmedia.com\\\/suncocktail.com\\\/product\\\/eau-de-soleil\\\/\",\"url\":\"https:\\\/\\\/sandbox.revolvedmedia.com\\\/suncocktail.com\\\/product\\\/eau-de-soleil\\\/\",\"name\":\"Eau de Soleil- Oligo Peptides and Coffee Extracts - Sun Cocktail\",\"isPartOf\":{\"@id\":\"https:\\\/\\\/sandbox.revolvedmedia.com\\\/suncocktail.com\\\/#website\"},\"primaryImageOfPage\":{\"@id\":\"https:\\\/\\\/sandbox.revolvedmedia.com\\\/suncocktail.com\\\/product\\\/eau-de-soleil\\\/#primaryimage\"},\"image\":{\"@id\":\"https:\\\/\\\/sandbox.revolvedmedia.com\\\/suncocktail.com\\\/product\\\/eau-de-soleil\\\/#primaryimage\"},\"thumbnailUrl\":\"https:\\\/\\\/sandbox.revolvedmedia.com\\\/suncocktail.com\\\/wp-content\\\/uploads\\\/2014\\\/03\\\/Eau-de-Soleil.png\",\"datePublished\":\"2014-03-26T20:03:03+00:00\",\"dateModified\":\"2023-06-19T19:29:47+00:00\",\"breadcrumb\":{\"@id\":\"https:\\\/\\\/sandbox.revolvedmedia.com\\\/suncocktail.com\\\/product\\\/eau-de-soleil\\\/#breadcrumb\"},\"inLanguage\":\"en-US\",\"potentialAction\":[{\"@type\":\"ReadAction\",\"target\":[\"https:\\\/\\\/sandbox.revolvedmedia.com\\\/suncocktail.com\\\/product\\\/eau-de-soleil\\\/\"]}]},{\"@type\":\"ImageObject\",\"inLanguage\":\"en-US\",\"@id\":\"https:\\\/\\\/sandbox.revolvedmedia.com\\\/suncocktail.com\\\/product\\\/eau-de-soleil\\\/#primaryimage\",\"url\":\"https:\\\/\\\/sandbox.revolvedmedia.com\\\/suncocktail.com\\\/wp-content\\\/uploads\\\/2014\\\/03\\\/Eau-de-Soleil.png\",\"contentUrl\":\"https:\\\/\\\/sandbox.revolvedmedia.com\\\/suncocktail.com\\\/wp-content\\\/uploads\\\/2014\\\/03\\\/Eau-de-Soleil.png\",\"width\":600,\"height\":1484},{\"@type\":\"BreadcrumbList\",\"@id\":\"https:\\\/\\\/sandbox.revolvedmedia.com\\\/suncocktail.com\\\/product\\\/eau-de-soleil\\\/#breadcrumb\",\"itemListElement\":[{\"@type\":\"ListItem\",\"position\":1,\"name\":\"Home\",\"item\":\"https:\\\/\\\/sandbox.revolvedmedia.com\\\/suncocktail.com\\\/\"},{\"@type\":\"ListItem\",\"position\":2,\"name\":\"Shop\",\"item\":\"https:\\\/\\\/sandbox.revolvedmedia.com\\\/suncocktail.com\\\/shop\\\/\"},{\"@type\":\"ListItem\",\"position\":3,\"name\":\"Eau de Soleil- Oligo Peptides and Coffee Extracts\"}]},{\"@type\":\"WebSite\",\"@id\":\"https:\\\/\\\/sandbox.revolvedmedia.com\\\/suncocktail.com\\\/#website\",\"url\":\"https:\\\/\\\/sandbox.revolvedmedia.com\\\/suncocktail.com\\\/\",\"name\":\"Sun Cocktail\",\"description\":\"Organic Spray Tanning\",\"potentialAction\":[{\"@type\":\"SearchAction\",\"target\":{\"@type\":\"EntryPoint\",\"urlTemplate\":\"https:\\\/\\\/sandbox.revolvedmedia.com\\\/suncocktail.com\\\/?s={search_term_string}\"},\"query-input\":{\"@type\":\"PropertyValueSpecification\",\"valueRequired\":true,\"valueName\":\"search_term_string\"}}],\"inLanguage\":\"en-US\"}]}<\/script>\n<!-- \/ Yoast SEO plugin. -->","yoast_head_json":{"title":"Eau de Soleil- Oligo Peptides and Coffee Extracts - Sun Cocktail","robots":{"index":"index","follow":"follow","max-snippet":"max-snippet:-1","max-image-preview":"max-image-preview:large","max-video-preview":"max-video-preview:-1"},"canonical":"https:\/\/sandbox.revolvedmedia.com\/suncocktail.com\/product\/eau-de-soleil\/","og_locale":"en_US","og_type":"article","og_title":"Eau de Soleil- Oligo Peptides and Coffee Extracts - Sun Cocktail","og_description":"Eau de Soleil, our #1 International Best seller. This formula was created to bring sunless to a whole new level by pairing the latest in anti aging ingredients and in the fight against wrinkles and sun damage. For added benefits, we added green coffee extracts for toning which targets the unsightly \"dimples\" often seen on thighs and buttocks. The benefits of Matrixyl 3000 peptide formula    Fight against the signs of aging when included in a quality anti-wrinkle cream. Matrixyl  Stimulates the lower levels of the skin, where fibroblasts reside. These fibroblasts are stimulated by Matrixyl to produce more collagen. Collagen is an essential substance for preserving the youthful appearance and texture of the skin.  Collagen is responsible for the elasticity of the skin, which begins to decrease as we age.  Matrixyl encourages the healing of the skin which decreases the appearance of the fine lines and wrinkles seen around the eyes, forehead and mouth.  Benefits of Green Coffee Extract    Treating redness and inflammation.  Reducing the appearance of under-eye circles, to getting rid of cellulite. By incorporating caffeine into your skin care routine, you can reveal evenly toned, smooth skin all over your body. Incorporate a coffee scrub in your daily routine for a smooth toned skin. (See courses to learn how to make this miracle coffee scrub)  Caffeine has potent anti-inflammatory properties  Caffeine can also reduce the appearance of cellulite  Cette formule a \u00e9t\u00e9 cr\u00e9\u00e9e afin d'offrir des traitements de spray tan ainsi d'incorporez avec les traitements anti cellulites. Le Matrixyl 3000 a un droit de propri\u00e9t\u00e9 sp\u00e9cial qui active certains g\u00e8nes impliqu\u00e9s dans les processus de r\u00e9g\u00e9n\u00e9ration cutan\u00e9e et de prolif\u00e9ration cellulaire ajout\u00e9 \u00e0 ce super formule que nous avons ajout\u00e9e des extraits de cafes.","og_url":"https:\/\/sandbox.revolvedmedia.com\/suncocktail.com\/product\/eau-de-soleil\/","og_site_name":"Sun Cocktail","article_modified_time":"2023-06-19T19:29:47+00:00","og_image":[{"width":600,"height":1484,"url":"https:\/\/sandbox.revolvedmedia.com\/suncocktail.com\/wp-content\/uploads\/2014\/03\/Eau-de-Soleil.png","type":"image\/png"}],"twitter_card":"summary_large_image","twitter_misc":{"Est. reading time":"2 minutes"},"schema":{"@context":"https:\/\/schema.org","@graph":[{"@type":"WebPage","@id":"https:\/\/sandbox.revolvedmedia.com\/suncocktail.com\/product\/eau-de-soleil\/","url":"https:\/\/sandbox.revolvedmedia.com\/suncocktail.com\/product\/eau-de-soleil\/","name":"Eau de Soleil- Oligo Peptides and Coffee Extracts - Sun Cocktail","isPartOf":{"@id":"https:\/\/sandbox.revolvedmedia.com\/suncocktail.com\/#website"},"primaryImageOfPage":{"@id":"https:\/\/sandbox.revolvedmedia.com\/suncocktail.com\/product\/eau-de-soleil\/#primaryimage"},"image":{"@id":"https:\/\/sandbox.revolvedmedia.com\/suncocktail.com\/product\/eau-de-soleil\/#primaryimage"},"thumbnailUrl":"https:\/\/sandbox.revolvedmedia.com\/suncocktail.com\/wp-content\/uploads\/2014\/03\/Eau-de-Soleil.png","datePublished":"2014-03-26T20:03:03+00:00","dateModified":"2023-06-19T19:29:47+00:00","breadcrumb":{"@id":"https:\/\/sandbox.revolvedmedia.com\/suncocktail.com\/product\/eau-de-soleil\/#breadcrumb"},"inLanguage":"en-US","potentialAction":[{"@type":"ReadAction","target":["https:\/\/sandbox.revolvedmedia.com\/suncocktail.com\/product\/eau-de-soleil\/"]}]},{"@type":"ImageObject","inLanguage":"en-US","@id":"https:\/\/sandbox.revolvedmedia.com\/suncocktail.com\/product\/eau-de-soleil\/#primaryimage","url":"https:\/\/sandbox.revolvedmedia.com\/suncocktail.com\/wp-content\/uploads\/2014\/03\/Eau-de-Soleil.png","contentUrl":"https:\/\/sandbox.revolvedmedia.com\/suncocktail.com\/wp-content\/uploads\/2014\/03\/Eau-de-Soleil.png","width":600,"height":1484},{"@type":"BreadcrumbList","@id":"https:\/\/sandbox.revolvedmedia.com\/suncocktail.com\/product\/eau-de-soleil\/#breadcrumb","itemListElement":[{"@type":"ListItem","position":1,"name":"Home","item":"https:\/\/sandbox.revolvedmedia.com\/suncocktail.com\/"},{"@type":"ListItem","position":2,"name":"Shop","item":"https:\/\/sandbox.revolvedmedia.com\/suncocktail.com\/shop\/"},{"@type":"ListItem","position":3,"name":"Eau de Soleil- Oligo Peptides and Coffee Extracts"}]},{"@type":"WebSite","@id":"https:\/\/sandbox.revolvedmedia.com\/suncocktail.com\/#website","url":"https:\/\/sandbox.revolvedmedia.com\/suncocktail.com\/","name":"Sun Cocktail","description":"Organic Spray Tanning","potentialAction":[{"@type":"SearchAction","target":{"@type":"EntryPoint","urlTemplate":"https:\/\/sandbox.revolvedmedia.com\/suncocktail.com\/?s={search_term_string}"},"query-input":{"@type":"PropertyValueSpecification","valueRequired":true,"valueName":"search_term_string"}}],"inLanguage":"en-US"}]}},"_links":{"self":[{"href":"https:\/\/sandbox.revolvedmedia.com\/suncocktail.com\/wp-json\/wp\/v2\/product\/2331","targetHints":{"allow":["GET"]}}],"collection":[{"href":"https:\/\/sandbox.revolvedmedia.com\/suncocktail.com\/wp-json\/wp\/v2\/product"}],"about":[{"href":"https:\/\/sandbox.revolvedmedia.com\/suncocktail.com\/wp-json\/wp\/v2\/types\/product"}],"replies":[{"embeddable":true,"href":"https:\/\/sandbox.revolvedmedia.com\/suncocktail.com\/wp-json\/wp\/v2\/comments?post=2331"}],"wp:featuredmedia":[{"embeddable":true,"href":"https:\/\/sandbox.revolvedmedia.com\/suncocktail.com\/wp-json\/wp\/v2\/media\/3123"}],"wp:attachment":[{"href":"https:\/\/sandbox.revolvedmedia.com\/suncocktail.com\/wp-json\/wp\/v2\/media?parent=2331"}],"wp:term":[{"taxonomy":"product_cat","embeddable":true,"href":"https:\/\/sandbox.revolvedmedia.com\/suncocktail.com\/wp-json\/wp\/v2\/product_cat?post=2331"},{"taxonomy":"product_tag","embeddable":true,"href":"https:\/\/sandbox.revolvedmedia.com\/suncocktail.com\/wp-json\/wp\/v2\/product_tag?post=2331"}],"curies":[{"name":"wp","href":"https:\/\/api.w.org\/{rel}","templated":true}]}}